Dec 01 04:32:13.043 INFO testing rookie1024/Alas against master#8940af3cea4a9a9deabcaf843b2f8cad9a83fc61 for beta-1.31-5
Dec 01 04:32:13.044 INFO running `"docker" "create" "-v" "/mnt/big/crater/work/local/target-dirs/beta-1.31-5/worker-5/master#8940af3cea4a9a9deabcaf843b2f8cad9a83fc61:/target:rw,Z" "-v" "/mnt/big/crater/work/local/test-source/worker-5/beta-1.31-5/master#8940af3cea4a9a9deabcaf843b2f8cad9a83fc61:/source:ro,Z" "-v" "/mnt/big/crater/work/local/cargo-home:/cargo-home:ro,Z" "-v" "/mnt/big/crater/work/local/rustup-home:/rustup-home:ro,Z" "-e" "USER_ID=1000" "-e" "SOURCE_DIR=/source" "-e" "USER_ID=1000" "-e" "CMD=cargo +8940af3cea4a9a9deabcaf843b2f8cad9a83fc61-alt build --frozen" "-e" "CARGO_TARGET_DIR=/target" "-e" "CARGO_INCREMENTAL=0" "-e" "RUST_BACKTRACE=full" "-e" "RUSTFLAGS=--cap-lints=warn" "-e" "CARGO_HOME=/cargo-home" "-e" "RUSTUP_HOME=/rustup-home" "-m" "1536M" "--network" "none" "crater"`
Dec 01 04:32:13.618 INFO [stdout] 04109313af58a25b5517acb2e7cf3534b420ec2d3f817a248b005ada139992f3
Dec 01 04:32:13.620 INFO running `"docker" "start" "-a" "04109313af58a25b5517acb2e7cf3534b420ec2d3f817a248b005ada139992f3"`
Dec 01 04:32:15.867 INFO [stderr] usermod: no changes
Dec 01 04:32:15.955 INFO [stderr]    Compiling alas v0.1.0 (/source)
Dec 01 04:32:16.669 INFO [stderr] warning: field is never used: `start`
Dec 01 04:32:16.670 INFO [stderr]   --> src/reg/dfa.rs:14:3
Dec 01 04:32:16.671 INFO [stderr]    |
Dec 01 04:32:16.671 INFO [stderr] 14 |   start: S,
Dec 01 04:32:16.672 INFO [stderr]    |   ^^^^^^^^
Dec 01 04:32:16.673 INFO [stderr]    |
Dec 01 04:32:16.673 INFO [stderr]    = note: #[warn(dead_code)] on by default
Dec 01 04:32:16.674 INFO [stderr] 
Dec 01 04:32:16.728 INFO [stderr]     Finished dev [unoptimized + debuginfo] target(s) in 0.82s
Dec 01 04:32:16.755 INFO [stderr] su: No module specific data is present
Dec 01 04:32:18.590 INFO running `"docker" "inspect" "04109313af58a25b5517acb2e7cf3534b420ec2d3f817a248b005ada139992f3"`
Dec 01 04:32:18.993 INFO running `"docker" "rm" "-f" "04109313af58a25b5517acb2e7cf3534b420ec2d3f817a248b005ada139992f3"`
Dec 01 04:32:19.267 INFO [stdout] 04109313af58a25b5517acb2e7cf3534b420ec2d3f817a248b005ada139992f3
Dec 01 04:32:19.275 INFO running `"docker" "create" "-v" "/mnt/big/crater/work/local/target-dirs/beta-1.31-5/worker-5/master#8940af3cea4a9a9deabcaf843b2f8cad9a83fc61:/target:rw,Z" "-v" "/mnt/big/crater/work/local/test-source/worker-5/beta-1.31-5/master#8940af3cea4a9a9deabcaf843b2f8cad9a83fc61:/source:ro,Z" "-v" "/mnt/big/crater/work/local/cargo-home:/cargo-home:ro,Z" "-v" "/mnt/big/crater/work/local/rustup-home:/rustup-home:ro,Z" "-e" "USER_ID=1000" "-e" "SOURCE_DIR=/source" "-e" "USER_ID=1000" "-e" "CMD=cargo +8940af3cea4a9a9deabcaf843b2f8cad9a83fc61-alt test --frozen --no-run" "-e" "CARGO_TARGET_DIR=/target" "-e" "CARGO_INCREMENTAL=0" "-e" "RUST_BACKTRACE=full" "-e" "RUSTFLAGS=--cap-lints=warn" "-e" "CARGO_HOME=/cargo-home" "-e" "RUSTUP_HOME=/rustup-home" "-m" "1536M" "--network" "none" "crater"`
Dec 01 04:32:19.765 INFO [stdout] d233ab26ca149de3d1797595cefa918d5f228d39e74a5a7003f178d57fdaf301
Dec 01 04:32:19.769 INFO running `"docker" "start" "-a" "d233ab26ca149de3d1797595cefa918d5f228d39e74a5a7003f178d57fdaf301"`
Dec 01 04:32:21.363 INFO [stderr] usermod: no changes
Dec 01 04:32:21.431 INFO [stderr]    Compiling alas v0.1.0 (/source)
Dec 01 04:32:22.232 INFO [stderr] warning: field is never used: `start`
Dec 01 04:32:22.232 INFO [stderr]   --> src/reg/dfa.rs:14:3
Dec 01 04:32:22.232 INFO [stderr]    |
Dec 01 04:32:22.232 INFO [stderr] 14 |   start: S,
Dec 01 04:32:22.232 INFO [stderr]    |   ^^^^^^^^
Dec 01 04:32:22.232 INFO [stderr]    |
Dec 01 04:32:22.232 INFO [stderr]    = note: #[warn(dead_code)] on by default
Dec 01 04:32:22.232 INFO [stderr] 
Dec 01 04:32:25.620 INFO [stderr]     Finished dev [unoptimized + debuginfo] target(s) in 4.24s
Dec 01 04:32:25.622 INFO [stderr] su: No module specific data is present
Dec 01 04:32:26.574 INFO running `"docker" "inspect" "d233ab26ca149de3d1797595cefa918d5f228d39e74a5a7003f178d57fdaf301"`
Dec 01 04:32:26.863 INFO running `"docker" "rm" "-f" "d233ab26ca149de3d1797595cefa918d5f228d39e74a5a7003f178d57fdaf301"`
Dec 01 04:32:27.247 INFO [stdout] d233ab26ca149de3d1797595cefa918d5f228d39e74a5a7003f178d57fdaf301
Dec 01 04:32:27.249 INFO running `"docker" "create" "-v" "/mnt/big/crater/work/local/target-dirs/beta-1.31-5/worker-5/master#8940af3cea4a9a9deabcaf843b2f8cad9a83fc61:/target:rw,Z" "-v" "/mnt/big/crater/work/local/test-source/worker-5/beta-1.31-5/master#8940af3cea4a9a9deabcaf843b2f8cad9a83fc61:/source:ro,Z" "-v" "/mnt/big/crater/work/local/cargo-home:/cargo-home:ro,Z" "-v" "/mnt/big/crater/work/local/rustup-home:/rustup-home:ro,Z" "-e" "USER_ID=1000" "-e" "SOURCE_DIR=/source" "-e" "USER_ID=1000" "-e" "CMD=cargo +8940af3cea4a9a9deabcaf843b2f8cad9a83fc61-alt test --frozen" "-e" "CARGO_TARGET_DIR=/target" "-e" "CARGO_INCREMENTAL=0" "-e" "RUST_BACKTRACE=full" "-e" "RUSTFLAGS=--cap-lints=warn" "-e" "CARGO_HOME=/cargo-home" "-e" "RUSTUP_HOME=/rustup-home" "-m" "1536M" "--network" "none" "crater"`
Dec 01 04:32:27.698 INFO [stdout] 7cd26e9b5a1f67c918de2ebb3091a89c847010845440668637815b3c02243564
Dec 01 04:32:27.701 INFO running `"docker" "start" "-a" "7cd26e9b5a1f67c918de2ebb3091a89c847010845440668637815b3c02243564"`
Dec 01 04:32:28.727 INFO [stderr] usermod: no changes
Dec 01 04:32:28.815 INFO [stderr]     Finished dev [unoptimized + debuginfo] target(s) in 0.05s
Dec 01 04:32:28.823 INFO [stderr]      Running /target/debug/deps/alas-307a092f9b9b9638
Dec 01 04:32:28.823 INFO [stdout] 
Dec 01 04:32:28.823 INFO [stdout] running 12 tests
Dec 01 04:32:28.823 INFO [stdout] test tests::re::cat_all ... ok
Dec 01 04:32:28.834 INFO [stdout] test tests::re::alt_all ... ok
Dec 01 04:32:28.834 INFO [stdout] test tests::nfa::nfa ... ok
Dec 01 04:32:28.834 INFO [stdout] test tests::re::dup ... ok
Dec 01 04:32:28.834 INFO [stdout] test tests::nfa::builder ... ok
Dec 01 04:32:28.834 INFO [stdout] test tests::dfa::dfa ... ok
Dec 01 04:32:28.835 INFO [stdout] test tests::re::rep ... ok
Dec 01 04:32:28.839 INFO [stdout] test tests::re::test_disp ... ok
Dec 01 04:32:28.893 INFO [stdout] test tests::re::alt_all_bad ... ok
Dec 01 04:32:28.904 INFO [stdout] test tests::dfa::dot ... FAILED
Dec 01 04:32:28.906 INFO [stdout] test tests::re::cat_all_bad ... ok
Dec 01 04:32:28.906 INFO [stdout] test tests::re::rep_bad ... ok
Dec 01 04:32:28.907 INFO [stdout] 
Dec 01 04:32:28.907 INFO [stdout] failures:
Dec 01 04:32:28.907 INFO [stdout] 
Dec 01 04:32:28.908 INFO [stdout] ---- tests::dfa::dot stdout ----
Dec 01 04:32:28.908 INFO [stdout] thread 'tests::dfa::dot' panicked at 'called `Result::unwrap()` on an `Err` value: Os { code: 30, kind: Other, message: "Read-only file system" }', libcore/result.rs:1009:5
Dec 01 04:32:28.908 INFO [stdout] stack backtrace:
Dec 01 04:32:28.909 INFO [stdout]    0:     0x5556d3cc6ccf - std::sys::unix::backtrace::tracing::imp::unwind_backtrace::h3a8b83e1922cbdde
Dec 01 04:32:28.909 INFO [stdout]                                at libstd/sys/unix/backtrace/tracing/gcc_s.rs:49
Dec 01 04:32:28.909 INFO [stdout]    1:     0x5556d3ccfd17 - std::sys_common::backtrace::print::h00d3155a29b4020f
Dec 01 04:32:28.909 INFO [stdout]                                at libstd/sys_common/backtrace.rs:71
Dec 01 04:32:28.910 INFO [stdout]                                at libstd/sys_common/backtrace.rs:59
Dec 01 04:32:28.910 INFO [stdout]    2:     0x5556d3cca9ff - std::panicking::default_hook::{{closure}}::hd7465c742e79e1bb
Dec 01 04:32:28.910 INFO [stdout]                                at libstd/panicking.rs:211
Dec 01 04:32:28.911 INFO [stdout]    3:     0x5556d3cca6fe - std::panicking::default_hook::h9e3966f2aa2a6e12
Dec 01 04:32:28.911 INFO [stdout]                                at libstd/panicking.rs:221
Dec 01 04:32:28.911 INFO [stdout]    4:     0x5556d3ccb0de - std::panicking::rust_panic_with_hook::h587f091ae747d080
Dec 01 04:32:28.912 INFO [stdout]                                at libstd/panicking.rs:476
Dec 01 04:32:28.912 INFO [stdout]    5:     0x5556d3ccac81 - std::panicking::continue_panic_fmt::hb3a4fdede87f43a8
Dec 01 04:32:28.912 INFO [stdout]                                at libstd/panicking.rs:390
Dec 01 04:32:28.912 INFO [stdout]    6:     0x5556d3ccab65 - rust_begin_unwind
Dec 01 04:32:28.913 INFO [stdout]                                at libstd/panicking.rs:325
Dec 01 04:32:28.913 INFO [stdout]    7:     0x5556d3d0adbc - core::panicking::panic_fmt::h6f9cebf5e7474a0b
Dec 01 04:32:28.913 INFO [stdout]                                at libcore/panicking.rs:77
Dec 01 04:32:28.914 INFO [stdout]    8:     0x5556d3c66da7 - core::result::unwrap_failed::h6c40dd5936700f9e
Dec 01 04:32:28.914 INFO [stdout]                                at libcore/macros.rs:26
Dec 01 04:32:28.914 INFO [stdout]    9:     0x5556d3c6526b - <core::result::Result<T, E>>::unwrap::h9b3f3b1be7ee333e
Dec 01 04:32:28.915 INFO [stdout]                                at libcore/result.rs:808
Dec 01 04:32:28.915 INFO [stdout]   10:     0x5556d3c3a46c - alas::tests::dfa::dot::h29631b567cebecde
Dec 01 04:32:28.915 INFO [stdout]                                at src/tests/dfa.rs:21
Dec 01 04:32:28.915 INFO [stdout]   11:     0x5556d3c3a409 - alas::tests::dfa::dot::{{closure}}::hf0d2691a2673fe73
Dec 01 04:32:28.916 INFO [stdout]                                at src/tests/dfa.rs:20
Dec 01 04:32:28.916 INFO [stdout]   12:     0x5556d3c6e46d - core::ops::function::FnOnce::call_once::h657172d9ac7eee1d
Dec 01 04:32:28.916 INFO [stdout]                                at libcore/ops/function.rs:238
Dec 01 04:32:28.917 INFO [stdout]   13:     0x5556d3c7aafe - <F as alloc::boxed::FnBox<A>>::call_box::hac903f91577a156c
Dec 01 04:32:28.917 INFO [stdout]                                at libtest/lib.rs:1468
Dec 01 04:32:28.917 INFO [stdout]                                at libcore/ops/function.rs:238
Dec 01 04:32:28.917 INFO [stdout]                                at liballoc/boxed.rs:672
Dec 01 04:32:28.918 INFO [stdout]   14:     0x5556d3cdacc9 - __rust_maybe_catch_panic
Dec 01 04:32:28.918 INFO [stdout]                                at libpanic_unwind/lib.rs:102
Dec 01 04:32:28.918 INFO [stdout]   15:     0x5556d3c9c752 - std::sys_common::backtrace::__rust_begin_short_backtrace::hb8f0d0309526c184
Dec 01 04:32:28.923 INFO [stdout]                                at libstd/panicking.rs:289
Dec 01 04:32:28.923 INFO [stdout]                                at libstd/panic.rs:392
Dec 01 04:32:28.923 INFO [stdout]                                at libtest/lib.rs:1423
Dec 01 04:32:28.924 INFO [stdout]                                at libstd/sys_common/backtrace.rs:136
Dec 01 04:32:28.924 INFO [stdout]   16:     0x5556d3c9d204 - std::panicking::try::do_call::hc2f7c8b9a348d8db
Dec 01 04:32:28.924 INFO [stdout]                                at libstd/thread/mod.rs:409
Dec 01 04:32:28.924 INFO [stdout]                                at libstd/panic.rs:313
Dec 01 04:32:28.925 INFO [stdout]                                at libstd/panicking.rs:310
Dec 01 04:32:28.925 INFO [stdout]   17:     0x5556d3cdacc9 - __rust_maybe_catch_panic
Dec 01 04:32:28.925 INFO [stdout]                                at libpanic_unwind/lib.rs:102
Dec 01 04:32:28.926 INFO [stdout]   18:     0x5556d3c8a43c - <F as alloc::boxed::FnBox<A>>::call_box::h6bfded618e480b32
Dec 01 04:32:28.926 INFO [stdout]                                at libstd/panicking.rs:289
Dec 01 04:32:28.926 INFO [stdout]                                at libstd/panic.rs:392
Dec 01 04:32:28.931 INFO [stdout]                                at libstd/thread/mod.rs:408
Dec 01 04:32:28.931 INFO [stdout]                                at liballoc/boxed.rs:672
Dec 01 04:32:28.931 INFO [stdout]   19:     0x5556d3cc88ed - std::sys_common::thread::start_thread::h4c28257d67cdf9cb
Dec 01 04:32:28.932 INFO [stdout]                                at liballoc/boxed.rs:682
Dec 01 04:32:28.932 INFO [stdout]                                at libstd/sys_common/thread.rs:24
Dec 01 04:32:28.932 INFO [stdout]   20:     0x5556d3cbde05 - std::sys::unix::thread::Thread::new::thread_start::hfecb2e7eff8fd34f
Dec 01 04:32:28.932 INFO [stdout]                                at libstd/sys/unix/thread.rs:90
Dec 01 04:32:28.933 INFO [stdout]   21:     0x7f3b16ed56b9 - start_thread
Dec 01 04:32:28.933 INFO [stdout]   22:     0x7f3b169f541c - clone
Dec 01 04:32:28.933 INFO [stdout]   23:                0x0 - <unknown>
Dec 01 04:32:28.933 INFO [stdout] 
Dec 01 04:32:28.934 INFO [stdout] 
Dec 01 04:32:28.934 INFO [stdout] failures:
Dec 01 04:32:28.934 INFO [stdout]     tests::dfa::dot
Dec 01 04:32:28.935 INFO [stdout] 
Dec 01 04:32:28.935 INFO [stdout] test result: FAILED. 11 passed; 1 failed; 0 ignored; 0 measured; 0 filtered out
Dec 01 04:32:28.935 INFO [stdout] 
Dec 01 04:32:28.935 INFO [stderr] error: test failed, to rerun pass '--lib'
Dec 01 04:32:28.936 INFO [stderr] su: No module specific data is present
Dec 01 04:32:29.866 INFO running `"docker" "inspect" "7cd26e9b5a1f67c918de2ebb3091a89c847010845440668637815b3c02243564"`
Dec 01 04:32:30.193 INFO running `"docker" "rm" "-f" "7cd26e9b5a1f67c918de2ebb3091a89c847010845440668637815b3c02243564"`
Dec 01 04:32:30.453 INFO [stdout] 7cd26e9b5a1f67c918de2ebb3091a89c847010845440668637815b3c02243564
